6/27 - 115/(-9)?
11
Let g(t) = t**3 - 6*t**2 + 2*t - 9. Let h be g(6). Suppose m = -2*m - h. What is the remainder when 1/(m + 42/39) is divided by 5?
3
Suppose -17 - 24 = -m. What is the remainder when m is divided by -14*((-18)/4 + 3)?
20
Suppose -5*r = 2*n - 153, n = -2*r - 0*r + 77. What is the remainder when n is divided by 16?
15
Let y = -155 - -171. What is the remainder when 45 is divided by y?
13
Let y(f) = 10*f + 2. Let h be (-7)/(-2) - 2/4. Suppose -4*c = -h*k + 4, 2*k + c - 3 = 18. What is the remainder when y(2) is divided by k?
6
Let r be (6/(-4))/(3/(-16)). Let o be ((-1)/2)/((-4)/r). What is the remainder when 7 is divided by o*2*(-3)/(-2)?
1
Suppose -2*i - 2 = 0, 12 = 3*t - 3*i - 9. Suppose 0 = 2*y - 42 - 0. Calculate the remainder when y is divided by t.
3
Let o = 56 + -39. What is the remainder when 33 is divided by o?
16
Suppose 5*u + x - 3 = 32, -u + x + 1 = 0. What is the remainder when u is divided by 4?
2
Let j(h) = -h + 13. Suppose -45 = -2*r - 3*r. What is the remainder when 7 is divided by j(r)?
3
Calculate the remainder when 15 is divided by (4 - (6 - 2)) + 4.
3
Suppose -3 + 0 = -b. Suppose -b*v + 0*v + 78 = 0. Let a = -13 + v. Calculate the remainder when 25 is divided by a.
12
Let o(g) = -12*g + 8. What is the remainder when o(-3) is divided by 15?
14
Let q = -4 + 7. Suppose 2*l - 3*y - 15 = -2, q*y = -5*l + 1. Suppose -2*i = -l*s - 21 - 11, 2*s = -i + 13. Calculate the remainder when 28 is divided by i.
13
Let q(l) = -9*l + 2. Let i(c) = c**2 - 11*c + 10. Let s be i(9). Let h be q(s). Suppose 3*v = h - 17. What is the remainder when v is divided by 7?
5
What is the remainder when -4 + 1 + (35 - -3) is divided by (7 + (-2)/2)*3?
17
Let l(h) be the first derivative of h**2/2 - 4*h - 4. Let d be l(0). Let z(k) = 2*k**2 + 3*k + 5. What is the remainder when z(d) is divided by 13?
12
Let l(w) = 2*w**2 - 6. Calculate the remainder when l(-4) is divided by 9.
8
Suppose 0 = 2*j - 0*j. Let x(h) = -h**3 + 4*h**2 + 5*h - 7. Let t be x(5). Let z = j - t. What is the remainder when 19 is divided by z?
5
Suppose -63 = -4*l + 3*s, 2*l - 7*l + s = -87. What is the remainder when l is divided by 10?
8
Suppose -63 = -3*h + 3*v, -5*h + 0*v + 89 = 3*v. Let r = 34 - 16. Suppose 2*l - 2*n - r = 0, -l + 5*n = -2 - 23. Calculate the remainder when h is divided by l.
4
Let q be 22/6 + (-12)/(-36). Calculate the remainder when 28 is divided by 2 - (2*-26)/q.
13
Let l(s) = -s**3 - 3*s**2 + 3*s + 2. Let t be l(-3). Let v(b) = b**3 + 6*b**2 - 7*b + 1. Calculate the remainder when 2 is divided by v(t).
0
Let z be ((-17)/(-2))/(4/(-8)). Let t = 29 - z. What is the remainder when t is divided by 16?
14
Let n(p) = 10 - 18*p - 6*p - 14*p. Let m(l) = l - 1. Let w(a) = 8*m(a) + n(a). What is the remainder when w(-2) is divided by 21?
20
Suppose -3*x + 15 = 3. What is the remainder when 9 is divided by x?
1
Let p = -1 + 15. Let x = p - 7. Suppose 0*b - 59 = -3*t - b, 2*t - 35 = -5*b. Calculate the remainder when t is divided by x.
6
Suppose -171 - 137 = -4*i. What is the remainder when i is divided by 20?
17
Let w = 32 - 19. What is the remainder when w is divided by 8?
5
Let u = 33 + 15. What is the remainder when u is divided by 10?
8
Let l be -1*(3 + -2) + 5. Suppose 0*k = -l*k + 100. Calculate the remainder when k is divided by 13.
12
Let b be 0/(-5 + 2) - 19. What is the remainder when b/3*(-3 - 0) is divided by 5?
4
Let q(f) = f**3 + 7*f**2 - 10*f + 14. Calculate the remainder when 147 is divided by q(-8).
27
Let w = -25 - -48. Suppose k + 3*a - 24 = -1, 12 = -k + 4*a. Calculate the remainder when w is divided by k.
7
Suppose -3 - 1 = 4*m, -2*n = -3*m - 17. Suppose 0 = 4*u - n*u + 102. Calculate the remainder when u is divided by 9.
7
Calculate the remainder when ((-1)/5)/(6/(-150)) is divided by 4.
1
Suppose -105 = -6*x + 9. Let h = -42 - -77. What is the remainder when h is divided by x?
16
Suppose 0 = 4*s - 3*u - 105, 5*s = s - 4*u + 112. Let r = 40 - s. What is the remainder when 24 is divided by r?
11
Let j(q) = 172*q**2 + 2*q. What is the remainder when j(1) is divided by 35?
34
Suppose 5*r + 328 = 4*h - h, -2*h = 5*r - 252. Calculate the remainder when h is divided by 40.
36
Let v = 2 - 0. Let t = 14 + v. What is the remainder when 29 is divided by t?
13
Let j(k) = 2*k**2 + 6*k - 2. Let u(y) = -y**2 - 5*y + 1. Let l be u(-6). What is the remainder when j(l) is divided by 10?
8
Suppose 0 = -20*v - 4 + 264. Suppose 0 = 2*r - 3*r + 4*p + 16, -3*r + 56 = -4*p. Suppose -2*b - 2*b + r = 0. What is the remainder when v is divided by b?
3
Suppose -4*z + c - 71 = -26, 2*z - 5*c = -9. Suppose -7 = -2*n + 3*m, -2*m - 5 + 1 = -2*n. Calculate the remainder when n/(-4) - 177/z is divided by 6.
3
Let b = 97 + -84. What is the remainder when 37 is divided by b?
11
Let s(l) = l + 2 + l + l**2 - 3. Let u be s(-2). Let k = 50 + u. Calculate the remainder when k is divided by 17.
15
Let d(l) = -2*l - 6. Let y = 49 + -4. Calculate the remainder when y is divided by d(-9).
9
Suppose 0 = -5*p + 4*v + 108, 0*p - v = 5*p - 98. Suppose -m - 10 = 4*i - 49, -5*m + 271 = i. Calculate the remainder when (-1)/((-1)/m) + 3 is divided by p.
18
Let z(l) = -l - 9. Let j be z(0). Let k = j + 12. Suppose -k*g + 8 = -2*g. Calculate the remainder when 30 is divided by g.
6
Let s = 6 - 4. What is the remainder when 13 is divided by s/3*42/4?
6
Suppose 0 = 3*q - 25 - 35. Let j = q + -12. Let k = -37 - -52. Calculate the remainder when k is divided by j.
7
Let f(j) = -j**2 + 10*j - 7. Let p be f(8). Suppose 0 = 4*t - t - p. Suppose -t*k = -2*k - 23. What is the remainder when 44 is divided by k?
21
Let m(z) = -z**3 - 5*z**2 + 3*z + 5. Calculate the remainder when 112 is divided by m(-6).
20
What is the remainder when 153 is divided by 78*(-4)/8*-1?
36
Calculate the remainder when ((-54)/24)/(1/(-16)) is divided by 10.
6
Let t(u) = u**3 - 5*u**2 + 2*u + 4. Let y be t(5). Suppose -y = 5*m - 79. What is the remainder when 49 is divided by m?
10
Calculate the remainder when (-4)/((-6)/(-21) + 3/(-7)) is divided by 15.
13
Let x = 37 + -17. Calculate the remainder when 70 is divided by x.
10
Suppose 2 = 2*g - 16. Suppose -33 + 81 = 3*q. What is the remainder when q is divided by g?
7
Suppose -t - b = 0, t - 5*t + b + 20 = 0. Calculate the remainder when 6 is divided by t.
2
Calculate the remainder when 135 is divided by -6 + 42 + (-4)/2.
33
Let r(o) = -o - 9. Let g be r(-11). Suppose 0 = -5*j + g*j + 33. Calculate the remainder when j is divided by 4.
3
Let o(v) = -6*v + 20. What is the remainder when o(-6) is divided by 19?
18
Let g = 36 + -26. What is the remainder when 49 is divided by g?
9
Let c = 26 + -13. Suppose 259 = 5*h - 4*n, -5*h - 3*n - 2*n = -250. Calculate the remainder when h is divided by c.
12
Let l(z) be the first derivative of z**3/3 + 3*z**2/2 - 5*z - 2. Calculate the remainder when 13 is divided by l(-5).
3
Let x = -8 - -11. Calculate the remainder when x is divided by 2.
1
Suppose -3 = 3*a - 6*a. Let i(t) = t**2 - 5*t + 6. Let l be i(4). Calculate the remainder when (l/2)/(2/2) is divided by a.
0
Suppose -5*c + 2 + 18 = 0. Suppose c*k = 5 - 61. Let s = k - -24. What is the remainder when s is divided by 4?
2
Let y(r) = -1 - 1 - 5 + 9*r + 3. Calculate the remainder when y(3) is divided by 6.
5
Let v = 3 + 13. Calculate the remainder when 45 is divided by v.
13
Let m(n) be the second derivative of n**5/20 - n**3/6 + 6*n**2 - n. What is the remainder when 35 is divided by m(0)?
11
Let a = 55 + -87. Let l be 3/2*a/(-24). Suppose -4*f + 10 = -l*f. What is the remainder when 17 is divided by f?
2
Let g(m) = -3*m - 2 + 4*m**2 + 0*m**3 + m**3 + m**2. Calculate the remainder when 77 is divided by g(-4).
25
Let k(c) = 16*c + 12. Let a be k(7). Suppose -g + a = 3*g. What is the remainder when 59 is divided by g?
28
Suppose 0 = -4*f + 2 + 2. Let m be 3 + -1*(0 - f). Calculate the remainder when -56*(2 - 4)/m is divided by 15.
13
Let c(a) = 2*a - 1. Let b be c(-5). Let t = b - -20. Calculate the remainder when 25 is divided by t.
7
Let y(u) = u**2 - 2*u + 3. Let n be -3*(-2)/(2 - 4). Calculate the remainder when 71 is divided by y(n).
17
Suppose 4*h - 57 = -3*o, -3*o + 35 + 49 = -5*h. Suppose 3*t + 0*t + 4*y = 36, 0 = -5*t - y + 43. Calculate the remainder when o is div